t x be j(4). Suppose k = x*k - 8. Let u(z) = 5 + 10 - k*z - z**2 - 18. Determine u(-4).
-3
Let c(w) be the third derivative of -w**4/24 + w**3/3 - 2*w**2. Let l = 32 + -28. Suppose n + l*n + 20 = -3*v, -5*v - 12 = 3*n. Determine c(v).
2
Let i(j) = j**3 + 4*j**2 + j + 3. Let m be -5*-2*2/(-5). Give i(m).
-1
Let z(j) = j**3 - 4*j**2 - 7*j + 4. Let o = 14 - -1. Suppose -5*c = -0 - o. Suppose 0*r + 2*r + 7 = c*u, -3*r + 12 = 0. Calculate z(u).
-6
Let w(h) = -3*h - 2. Let u = 98 - 103. Determine w(u).
13
Let p(z) = -200*z + 204*z + 6 - 3. What is p(-4)?
-13
Let w(b) be the third derivative of b**6/120 - 3*b**5/20 + 3*b**4/8 - b**3/3 + 10*b**2. Suppose -2*s + 51 = -77. Let f be s/(-12)*(-3)/2. Give w(f).
6
Let y(f) = 3*f + 20. Let g(x) = -x**3 + 8*x**2 - 14*x + 6. Let h be g(6). Give y(h).
2
Let c be 0 + 2 + 2/(-1). Suppose c = 6*p - 1 - 11. Let g(i) = -i - 2. Calculate g(p).
-4
Let n(m) be the third derivative of m**4/24 + 6*m**2. Let v(z) = 4*z + 3. Let a(j) = 6*n(j) - v(j). What is a(3)?
3
Let y(o) = -o**2 + 11. Let d(g) be the first derivative of -4 - g**3 - 16 + 32*g + 10 - 3. Let v(u) = -3*d(u) + 8*y(u). Determine v(0).
-8
Let k(t) = 29*t**3 - 16*t**2 + 52*t - 1. Let s(x) = -9*x**3 + 6*x**2 - 17*x + 1. Let r(g) = 4*k(g) + 13*s(g). Calculate r(13).
9
Suppose -30 = -4*m + 30. Let p = -21 + m. Let i(z) be the second derivative of -z**4/12 - 7*z**3/6 - 53*z + 2. Calculate i(p).
6
Suppose 3*y - 22 = -4. Let h(n) = 7*n**2 - 17*n - 13. Let g(d) = 11*d**2 - 26*d - 20. Let z(c) = 5*g(c) - 8*h(c). Determine z(y).
4
Let j(c) = 20*c**2 + 10*c + 7. Let z(m) = -7*m**2 - 3*m - 2. Let o(b) = -6*j(b) - 17*z(b). Suppose -147 = 6*i + 15*i. Give o(i).
6
Let m(w) = -20 - 51 - 36 - 34 + 95 + 9*w. What is m(5)?
-1
Let c(j) = j**3 - 5*j**2 - 2*j + 4. Let w = 21 - 16. Suppose 4*p = 2*l + 6*p - 10, -w = -5*p. Let m(v) = v**3 - 5*v**2 + 6*v - 4. Let s be m(l). Calculate c(s).
-20
Let a(p) = -7*p**2 + 4*p + 1. Let l be a(3). Let f = 53 + l. Let h(j) be the first derivative of j**4/4 - 2*j**3/3 - j**2/2 + 2*j + 2. Calculate h(f).
8
Let c(w) = -w**3 + 5*w**2 + 9*w - 2. Let f = -6 - -12. Let b be c(f). Let r(d) = -3*d + 2*d + 13*d**2 - b*d**2. Give r(-1).
-2
Let j = -56 - -94. Let q(n) = -5*n + j - 34 + 3*n + n**3. Determine q(-3).
-17
Suppose -8 = 5*x - 23. Let g be (x/18*9)/(12/(-16)). Let o(z) = 4*z + 3. Calculate o(g).
-5
Let k(h) = h**3 - h**2 - h + 5. Let i(y) = -y**2 - 7*y - 5. Let f be i(-6). Let m = f - 1. Let g be k(m). Let l(u) = u**3 - 5*u**2 - 5. Determine l(g).
-5
Let p(z) = z**2 + 7*z + 14. Suppose 120 = -580*d + 550*d. What is p(d)?
2
Suppose 36*v - 36 = 39*v. Let w be -4*1 - (v + 12). Let z(y) = y**3 - 3*y + 3*y**2 - 2*y + y - 3. Determine z(w).
-3
Let z(l) be the first derivative of -l**2/2 - 11*l + 35. Give z(-9).
-2
Let y(r) be the first derivative of -7*r**4/24 + r**3/6 + 11*r**2/2 - 13. Let g(n) be the second derivative of y(n). What is g(-1)?
8
Let v(b) = -6*b**3 + 2*b**2 - 1. Suppose -w + 30 = 5*x + 3*w, 4*w = 2*x - 40. Let y(s) = s**3 - 10*s**2 - 11. Let m be y(x). Let p = m + 12. What is v(p)?
-5
Suppose 3*c = 5*i - 39, -i - 3*c = i - 3. Let q = -8 + i. Let z(u) = 5*u. Let x(a) = 10*a + 1. Let v(f) = 2*x(f) - 5*z(f). Give v(q).
12
Let s be 4 + 10 + (-14)/2. Let x(i) = -i - 7. Determine x(s).
-14
Let c(r) be the third derivative of r**5/60 + 7*r**4/24 + 7*r**3/6 - r**2. Let y(m) = -m**3 + m + 6. Let p be y(0). Let o be (-33)/p - 2/4. Give c(o).
1
Let k(l) = -4*l**2 - 81*l + 3*l**2 - 3 + 80*l. Determine k(0).
-3
Suppose 3*q = -q + 12. Let d(f) be the first derivative of f**3/3 - f**2 - 4*f - 1606. Calculate d(q).
-1
Let j be ((-12)/(-18))/(2/(-12)). Let o(g) = -3 + 29*g + 28*g + 23*g - 82*g. Give o(j).
5
Suppose -6*b + 10*b = 16. Suppose 0*x = -4*x + j + 22, x - b*j = 13. Let o(f) = f**3 - 6*f**2 + 4*f + 4. Determine o(x).
-1
Let c(k) = k**3 + 8*k**2 + 1. Suppose 2*u - 7 = u - 3*b, -u - 23 = -3*b. What is c(u)?
1
Let a(k) be the second derivative of -1/60*k**5 + 5/2*k**2 - 1/3*k**3 + 1/8*k**4 - k + 0. Let b(n) be the first derivative of a(n). Calculate b(3).
-2
Let p be (-3)/(-2)*(-160)/15. Let f = -10 + p. Let v = -23 - f. Let g(l) = -5*l. Determine g(v).
-15
Let x be ((-16)/(-20))/((-42)/315). Let j(p) = -p - 12. What is j(x)?
-6
Suppose 2*o - 5*a + 258 = 0, -a + 58 = -o - 65. Let q = o - -123. Let j(n) = -n - 2. Calculate j(q).
-6
Let w(n) = n**3 + 13*n**2 + 12*n - 11. Suppose 30*f = 16*f - 168. Calculate w(f).
-11
Let x(c) be the second derivative of -c**3/6 + c**2 + c - 269. Suppose -4*l = -7 + 23. Let p be x(l). Let i(z) = z - 11. What is i(p)?
-5
Suppose 10 = b + 4*b. Let m(p) = 3*p + b*p - 2*p. Suppose -2*x + 14 - 32 = 5*y, -2*y = 8. Determine m(x).
3
Let z(t) = -3023 + 3023 + 4*t. Calculate z(1).
4
Suppose 4*h + 7 = -4*x - 17, 2*h = 4*x. Let w(u) be the third derivative of 5/6*u**3 - 1/6*u**4 + 0*u - u**2 + 10 - 1/60*u**5. Calculate w(h).
5
Suppose -b - 21 = -4*b. Suppose -4 - 10 = -b*q. Let h(f) = -3*f - 6 + 7*f + q*f - 4*f. Give h(4).
2
Let g(s) = -s**3 - s**2 + 3*s - 6. Let l(a) = a**3 - 4*a + 6. Let d(r) = 6*g(r) + 5*l(r). Let q(t) = -2*t**2 + 80*t + 76. Let z be q(41). What is d(z)?
6
Let l(x) = x**2 + 10*x**3 + 8*x + x**2 + 6*x**2 - 9*x**3. Let u(k) = k**2 + k. Let q(n) = -l(n) + 3*u(n). Calculate q(-4).
4
Let t(r) = 106*r. Let x be t(4). Let d be x/28 + (-2)/14. Suppose 0 = -k - 5*p + d, 3*p = 2*k + k + 27. Let m(z) = z**2 + 4*z - 4. What is m(k)?
1
Let l(w) be the third derivative of 0*w + 1/8*w**4 - 50*w**2 + 5/6*w**3 + 0. Give l(-5).
-10
Let f(g) = -3*g - 2*g - 3*g + 7*g + 10. Give f(9).
1
Let n(l) = -l**2 - 94*l - 524. Let m be n(-6). Let g(r) = r. Determine g(m).
4
Let j(g) = g**3 - 14*g**2 + 40*g - 6. Let p be j(4). Let i = 2 + 1. Let l(w) = -7*w - 5 + 5*w**2 + w**3 + 3 + i. Give l(p).
7
Let s(u) = -2*u**3 + 22*u**2 + 8*u - 37. Let w(d) = d**3 - 11*d**2 - 5*d + 18. Let h(p) = 4*s(p) + 9*w(p). What is h(12)?
2
Let d(x) be the second derivative of x**5/20 + x**4/4 - x**3/2 + x**2/2 - 2*x. Let v be 84/63 + (-8)/36*24. Determine d(v).
-3
Suppose 3*d - c = 3 - 13, 10 = -4*d + 2*c. Let q(k) = -11*k + 7. Let o(n) = -10*n + 6. Let j(b) = d*q(b) + 6*o(b). Determine j(-2).
11
Let f = 121 - 113. Let s(k) = k**3 - 9*k**2 + 5*k + 9. Give s(f).
-15
Let f(o) be the first derivative of -2*o**2 + 46*o + 76. What is f(14)?
-10
Let i(c) = -c**2 - 2*c - 1. Let f(a) = 0*a + 2 - a + 3. Let y be f(2). Let t be ((-3)/y)/((-1)/(-4)). What is i(t)?
-9
Let z(r) = -r - 1. Let k(o) = -6*o + 12. Let m(f) = 1. Let s(i) = -k(i) + 15*m(i). Let a(q) = s(q) + 3*z(q). Calculate a(-4).
-12
Suppose 5*o - 3*f - 26 = 0, 5*o - 18 - 14 = f. Let u(j) = 2 + 0 - j**2 + o*j - 9 - 14*j. Determine u(-5).
3
Let o(y) = -y + 4. Suppose z + 4 = -47. Let v = -44 - z. Determine o(v).
-3
Let c be 4/(-6) - (18/(-27) - -2). Let z(y) = 3*y - 1. Calculate z(c).
-7
Let s(q) = -q**3 + 10*q**2 - 8*q - 10. Suppose -c = -10*c. Suppose -3*x = -0*p + p - 3, 4*p - 5*x - 46 = c. Determine s(p).
-1
Let p = 44 - 42. Suppose 8 = -6*m + p*m - 2*t, -6 = -3*t. Let x(v) = -5*v**2 - 8*v - 2. Let y(l) = -6*l**2 - 9*l - 2. Let w(n) = 5*x(n) - 4*y(n). Give w(m).
1
Let v(p) = -2*p. Let d(w) = w**2 - 7*w - 6. Let n be d(8). Let u(h) be the first derivative of -4*h**2 + h - 23. Let t(c) = n*u(c) - 9*v(c). Calculate t(3).
8
Suppose l - 7 = -242*h + 240*h, 4 = 9*h - l. Let t(k) = 14*k**2 - 9*k - 9. Let s(c) = -7*c**2 + 4*c + 4. Let w(b) = -9*s(b) - 4*t(b). Give w(h).
7
Let v(j) = -j + 4. Suppose -2*c + 3*r - 12 = -5*c, c = -2*r + 3. Let d be v(c). Let g(a) be the first derivative of -a**2 + a - 10. Give g(d).
3
Let w = 66 - 62. Let f(x) = -w*x + 5 - 18 + 8 + 2. Determine f(3).
-15
Let b(o) = o**2 - o. Let y be b(2). Let i(t) = -4*t**3 - 2 + 5*t**3 - y*t**2 - 4*t + 7*t. Let p = 530 + -528. Give i(p).
4
Let n(g) = -63*g**3 - 5*g**2 - 3*g + 18. Let f(x) = 29*x**3 + 3*x**2 + x - 10. Let z(u) = 13*f(u) + 6*n(u). Determine z(8).
2
Let r(n) = n**3 + 17*n + 3*n**2 - 1091 - 9*n**2 + 0*n - 7*n**2 + 1075. Calculate r(11).
-71
Let r(f) be the first derivative of -f**4/4 + 3*f**2/2 - 3*f + 29. Give r(2).
-5
Let c(k) = 4*k + 4*k + 3*k - 16*k. What is c(2)?
-10
Let n(j) = j**3 + 8*j**2 + 6*j + 7. Let q = 28 - 35. Determine n(q).
14
Let y(f) = 1 - f**2 + 43 - 60 - 6*f. Calculate y(-3).
-7
Suppose 0 = -3*y - 58 + 61, 5*g =